4 + z. Suppose 0 = 3*w - n - 379. What is the units digit of w?
6
Suppose 12*q = -21*q + 200508. What is the tens digit of q?
7
Suppose 4*y + 3*b = 12 - 6, -2*y - b + 4 = 0. Suppose 5*c - c + y*t - 3195 = 0, -5*t + 3197 = 4*c. What is the hundreds digit of c?
7
What is the units digit of (-20 - -21) + (-2 - -5323)?
2
Suppose -20*c + 134416 + 88484 = 0. What is the ten thousands digit of c?
1
Let u be (-6 - 8) + 7 + 2. Let z(t) = -3*t + 243. What is the hundreds digit of z(u)?
2
Suppose 23*r = -55*r + 208176 + 271602. What is the tens digit of r?
5
What is the tens digit of (3 - 1)*(-471637)/(-206)?
7
Suppose 0 = 97*h + 4*h - 2133827. What is the tens digit of h?
2
Suppose -12 = 10*f - 14*f. What is the hundreds digit of f - -320 - (-3 - 2)?
3
Suppose 4*w - 11568 = -4*z, 3*w = 10*z - 9*z - 2864. What is the units digit of z?
5
Let l(o) = 1765*o**2 - 7*o + 3. What is the hundreds digit of l(4)?
2
Let a(y) = -1 + 3*y + 0*y + 2 - 44 - 4. What is the tens digit of a(26)?
3
Suppose 13380*b - 6842 = 13379*b. What is the units digit of b?
2
Let w = -7556 + 19498. What is the thousands digit of w?
1
Let v(q) be the second derivative of 0 + 1/12*q**4 + 1/6*q**3 - 20*q - 1/20*q**5 - 3/2*q**2. What is the tens digit of v(-4)?
7
Suppose -33051 = -3*o - 3*t, -3*o + 5*o - 2*t = 22054. What is the units digit of o?
2
What is the ten thousands digit of (-2)/(14/(-35)) + (-167605 + -5)/(-6)?
2
Let i(h) = 87*h**2 + 70*h - 787. What is the thousands digit of i(12)?
2
Suppose 16679 = 37*k - 15955. Suppose 27907 = 25*x + k. What is the hundreds digit of x?
0
Let a(b) = -19*b**2 - 292*b**3 + 108*b**3 + 1 + 18*b**2 + 1. What is the tens digit of a(-1)?
8
Suppose 0 = 7*f - 18626 + 1938. Suppose u - f = -5*s, -2584 + 192 = -5*s - 3*u. What is the units digit of s?
6
Suppose 0 = 9*o - 54 - 27. What is the units digit of (4/(-24))/(2/(-28))*o?
1
Let z = -953 + 955. Suppose 0*r = -3*n + r + 8, 5*r - 11 = -2*n. Suppose z*s = -2*x + 44, 3*x + 2 = n*s + 62. What is the tens digit of x?
2
Let z(q) = 29*q**2 - 17*q - 332. What is the ten thousands digit of z(-20)?
1
Let a(m) be the first derivative of -7*m**2/2 - 26*m + 40. Let w be a(-4). Suppose -9*f + w*f = -1512. What is the hundreds digit of f?
2
Let t be (1/2)/(4 - (-21903)/(-5474)). Let v = t - -636. Suppose v = 2*l - 299. What is the tens digit of l?
7
Let f(g) = -g**3 + 10*g**2 - 9*g + 18. Let o be ((-6)/15)/((-2)/80). Suppose -10*s = -12*s + o. What is the units digit of f(s)?
4
Let y(c) = -112*c - 8. Let m(a) = -a**2 - 5*a + 83. Let h be m(-12). What is the hundreds digit of y(h)?
1
Let m(z) = 3*z**3 - 48*z**2 + 84*z - 539. Let g(a) = -a**3 + 16*a**2 - 29*a + 180. Let s(r) = -11*g(r) - 4*m(r). What is the units digit of s(15)?
6
Let t(n) = -n**3 + 61*n**2 + 91*n + 259. What is the hundreds digit of t(61)?
8
Let l be -1 - 0 - 1 - (14 + -18). Suppose a = -2, 0 = 5*j - 4*j + 2*a + l. Suppose -2*y + j*c + 382 = 0, -c - 758 = -4*y + c. What is the units digit of y?
8
Let n(z) = 13808*z**2 + 36*z + 47. What is the thousands digit of n(-2)?
5
Suppose 2*y + 4 = 6*y. Suppose 0 = -4*z - 16, 4*q + 5*z = -9 + y. Suppose -2*n + 4*n = 2*h, 3*h = q. What is the units digit of n?
1
Let s(y) = 68*y + 14. Let b be s(6). Suppose 3*v - 133 = b. Let r = v + -87. What is the units digit of r?
8
Let l be 2/(-22) + 51840/(-880). Let u = l - -349. What is the hundreds digit of u?
2
Let i = -2138 + 3838. Suppose 0 = 15*x - 20*x + i. What is the units digit of x?
0
Let r(q) = -825*q + 2014. What is the units digit of r(-32)?
4
What is the tens digit of 293738/8 + (-8 - 31/(-4))?
1
Suppose 2*d - 20 = 5*x - 1, -4*d + 4*x = -20. Suppose 5*j = -3*s + 1133, -1147 = -5*s + d*s + 2*j. What is the hundreds digit of s?
3
Let k(q) = q + 8. Let x be k(-6). Let a(i) = 3*i - 13*i - 9*i**3 - 5 + 0 - x*i**2 + 9*i. What is the units digit of a(-2)?
1
Let u(w) = w**2 + 20*w + 1. Let n be u(-20). Suppose -3*m = 2*m, -3*x = -m - 3. What is the units digit of (1 + 20)/x*n?
1
Suppose -158*z - 5*g = -156*z - 43226, -4*z + 86482 = 5*g. What is the ten thousands digit of z?
2
Let j = -67 + 93. Suppose -j = 4*x - 2. What is the units digit of (-6 + 63/(-5))*(x + 1)?
3
Let d(u) = -u**3 + 9*u**2 - u + 13. Let t be d(9). Suppose 0*w + 368 = t*w - 4*o, -5*w = -o - 444. What is the tens digit of 1/(-4) - (-902)/w?
1
Let u(k) = -4*k**3 + 50*k**2 + k - 80. What is the units digit of u(11)?
7
Let u = 3116 + -1676. What is the hundreds digit of u?
4
Suppose -7*g = -22*g - 7080. Let w = 937 + g. What is the tens digit of w?
6
Let x = 10146 - -65881. What is the units digit of x?
7
Let d(f) = f**3 + 11*f**2 + 10*f. Let c = 38 + -48. Let m be d(c). Suppose 980 = 5*g - m*g. What is the tens digit of g?
9
Let q(d) = d**2 + d - 62. Let m be q(19). Let y = -79 + 199. Suppose -6*w + m = -y. What is the units digit of w?
3
Suppose 4*z + z = 20, 2*r - 4*z = 10. Suppose r*c = 17*c - 16. Suppose -14 + 550 = c*v. What is the units digit of v?
4
Let a be 2/(-3)*(-69)/(-46). Let i be (341/22)/(a/(-12)). Suppose -4*r + 26 = -i. What is the units digit of r?
3
Suppose -22392 = -151*m + 145*m. Let j = m + -2340. What is the hundreds digit of j?
3
Let w(p) = -6*p**3 - 12*p**2 + p + 17. Let u be w(-11). What is the hundreds digit of u/(-24)*110/(-25)?
1
Let x = -115 + 134. Suppose -x = -2*c + 5*l - 7, 5*l = c - 11. What is the units digit of (-1)/(-18*(-36)/651 - c)?
7
Let y = 16955 - 3498. What is the ten thousands digit of y?
1
Let q(b) = 3*b**3 - 16*b**2 - 3*b - 23. Let w = -58 + 55. Let o(a) = -4*a**3 + 16*a**2 + 2*a + 23. Let c(m) = w*q(m) - 2*o(m). What is the tens digit of c(16)?
0
Suppose 10*z + 6*z - 1776 = 0. Let u = z - -111. What is the tens digit of u?
2
What is the tens digit of (-252)/70*(-16220)/3?
6
Suppose -4*v - z + 67 = -110, 3*v - 3*z - 114 = 0. Let l = v - 43. Suppose 0 = 3*g - 4*n - 269, -3*g + l*g + 2*n = -271. What is the units digit of g?
1
Let r(c) = -2*c**3 - 16*c**2 - 13*c + 11. Suppose 3*j + 9 = -3*d - 12, -j = 0. Let u be r(d). What is the units digit of 0 + (-10)/5 + u*12?
6
Suppose -3*x = 3*n - 351, 5*n - 3*x = x + 603. Let d be (n/(-28) - -3) + (-6)/8. Let b(q) = -24*q + 8. What is the tens digit of b(d)?
5
Let f(k) = 2*k**3 + 34*k**2 + k + 20. Let w be f(-17). Suppose -3*y - 1395 = -2*q, w*y + 3465 = 3*q + 2*q. What is the units digit of q?
0
What is the hundreds digit of 15/(-40) - ((-102210)/48 - 8)?
1
Let j = -4237 + 2318. Let l = -439 - j. What is the units digit of l?
0
Suppose j - 1459 = u, -4*u + j + 2*j = 5839. Let k = u - -2419. What is the tens digit of k?
5
Let d(s) = -305*s + 1037. What is the hundreds digit of d(-20)?
1
Let m = 67362 + -38161. What is the hundreds digit of m?
2
Let j = -5 - -29. Suppose 20*u - j*u = -996. Suppose -3*v + 42 = -u. What is the tens digit of v?
9
Let u(z) be the third derivative of z**5/60 + 13*z**4/24 + 17*z**3/6 - z**2 + 14*z. Let o be u(-10). What is the units digit of ((-2)/(-4)*18)/((-1)/o)?
7
Suppose 11*y = 14*y + 45. Let w be (-3 - -5)/(24/y + 2). What is the units digit of w/25 + 219/5?
4
Suppose 2*p + 25 - 35 = 0. Suppose -p*k + 0*k - 2*o + 5 = 0, 13 = k - 2*o. Suppose 0 = -k*x - 5*q + 622, 5 = -3*q + 2. What is the units digit of x?
9
Let x(p) = -243*p + 674. What is the units digit of x(-16)?
2
Suppose 0 = -q + 5*z + 293, -7*z + 3*z - 8 = 0. Let r = q + -99. What is the units digit of r?
4
Let q = -130 + 137. Let v be (-1 + -3 + 4 - 2) + q. Suppose -6*j - v*x + 331 = -3*j, -4*x - 133 = -j. What is the hundreds digit of j?
1
Suppose -5*o = -2*z - 298, -3*o - 11*z + 181 = -10*z. What is the tens digit of (-2)/12 - (-5650)/o?
9
Let j(n) = -174*n + 1033. What is the thousands digit of j(-35)?
7
Let l be (2 - 7/(-7))*260/6. Suppose 0 = z - 5*h - l, -2*z + 5*h = -0*h - 240. What is the tens digit of z?
1
Suppose 68*n = -338562 + 994898. What is the thousands digit of n?
9
Suppose 2*f - 15 = -3*f. Let h be -1 + (4 + -5)*-737. Suppose -g - h = -2*r - f*r, -289 = -2*r - 5*g. What is the tens digit of r?
4
Let q = 389 - 935. Let f = 764 + q. What is the hundreds digit of f?
2
Suppose -p - 10 = 5*x, x + 2 = -p - 0*x. Suppose p = -4*q + 6*q - 4. What is the units digit of 3/((-15)/(-440)) + q?
0
Let d be (-74 + 78)*(3 + -1). Suppose d*x = 9*x - 800. What is the hundreds digit of x?
8
Suppose 2*f + 5*a + 2 = 6, 0 = 